{"id":2619,"date":"2024-09-07T07:01:45","date_gmt":"2024-09-07T07:01:45","guid":{"rendered":"https:\/\/maf.invictus-asso.fr\/?page_id=2619"},"modified":"2024-09-07T07:08:21","modified_gmt":"2024-09-07T07:08:21","slug":"ma-kaz","status":"publish","type":"page","link":"https:\/\/maf.invictus-asso.fr\/index.php\/ma-kaz\/","title":{"rendered":"MA KAZ"},"content":{"rendered":"\n<div class=\"wp-block-uagb-container uagb-block-p3qsim43 alignfull uagb-is-root-container\"><div class=\"uagb-container-inner-blocks-wrap\">\n<div class=\"wp-block-uagb-info-box uagb-block-ovkcrvjk uagb-infobox__content-wrap  uagb-infobox-icon-above-title uagb-infobox-image-valign-top\"><div class=\"uagb-ifb-content\"><div class=\"uagb-ifb-title-wrap\"><p class=\"uagb-ifb-title-prefix\">Projet MAKAZ<\/p><h2 class=\"uagb-ifb-title\">Louez Votre Maison pour un Impact Solidaire<\/h2><\/div><p class=\"uagb-ifb-desc\">Vous poss\u00e9dez une maison de 8 chambres ou plus avec un jardin ? Le projet MAKAZ vous offre l&rsquo;opportunit\u00e9 de transformer votre propri\u00e9t\u00e9 en un lieu de vie solidaire. L&rsquo;association Invictus S&amp;A recherche des maisons \u00e0 louer pour lancer de nouvelles Maisons d&rsquo;Accueil Familial (MAF).<\/p><\/div><\/div>\n\n\n\n<div class=\"wp-block-uagb-container uagb-block-w0yfltnn\">\n<div class=\"wp-block-uagb-container uagb-block-hmnp1nzf\">\n<div class=\"wp-block-uagb-container uagb-block-bvdttvwq\">\n<div class=\"wp-block-uagb-advanced-heading uagb-block-bippcijw\"><h3 class=\"uagb-heading-text\">Pourquoi Louer ou Mettre \u00e0 Disposition ?<\/h3><\/div>\n<\/div>\n\n\n\n<div class=\"wp-block-uagb-container uagb-block-j7c279t8\">\n<p class=\"wp-block-paragraph\">En louant ou en mettant \u00e0 disposition votre maison, vous jouez un r\u00f4le cl\u00e9 dans un projet humanitaire qui offre un environnement s\u00e9curis\u00e9 et chaleureux \u00e0 des personnes en situation de vuln\u00e9rabilit\u00e9. Votre bien pourrait devenir un lieu de vie essentiel pour ceux qui en ont le plus besoin, contribuant ainsi \u00e0 renforcer le tissu social et solidaire.<\/p>\n<\/div>\n<\/div>\n\n\n\n<div class=\"wp-block-uagb-container uagb-block-tgg7lsdo\">\n<div class=\"wp-block-uagb-container uagb-block-ko0egnpq\">\n<div class=\"wp-block-uagb-advanced-heading uagb-block-wbcphktf\"><h3 class=\"uagb-heading-text\">Contactez-nous :<\/h3><\/div>\n<\/div>\n\n\n\n<div class=\"wp-block-uagb-container uagb-block-veczflwu\">\n<div class=\"wp-block-uagb-advanced-heading uagb-block-vmze8jau\"><p class=\"uagb-heading-text\">Si vous souhaitez faire partie de ce projet, contactez-nous pour discuter des d\u00e9tails et rejoindre cette initiative solidaire.<\/p><\/div>\n<\/div>\n<\/div>\n<\/div>\n<\/div><\/div>\n","protected":false},"excerpt":{"rendered":"<p>Pourquoi Louer ou Mettre \u00e0 Disposition ? En louant ou en mettant \u00e0 disposition votre maison, vous jouez un r\u00f4le cl\u00e9 dans un projet humanitaire qui offre un environnement s\u00e9curis\u00e9 et chaleureux \u00e0 des personnes en situation de vuln\u00e9rabilit\u00e9. Votre bien pourrait devenir un lieu de vie essentiel pour ceux qui en ont le plus [&hellip;]<\/p>\n","protected":false},"author":1,"featured_media":0,"parent":0,"menu_order":0,"comment_status":"closed","ping_status":"closed","template":"","meta":{"_crdt_document":"","_uag_custom_page_level_css":"","site-sidebar-layout":"default","site-content-layout":"","ast-site-content-layout":"default","site-content-style":"default","site-sidebar-style":"default","ast-global-header-display":"","ast-banner-title-visibility":"","ast-main-header-display":"","ast-hfb-above-header-display":"","ast-hfb-below-header-display":"","ast-hfb-mobile-header-display":"","site-post-title":"","ast-breadcrumbs-content":"","ast-featured-img":"","footer-sml-layout":"","ast-disable-related-posts":"","theme-transparent-header-meta":"","adv-header-id-meta":"","stick-header-meta":"","header-above-stick-meta":"","header-main-stick-meta":"","header-below-stick-meta":"","astra-migrate-meta-layouts":"default","ast-page-background-enabled":"default","ast-page-background-meta":{"desktop":{"background-color":"var(--ast-global-color-4)","background-image":"","background-repeat":"repeat","background-position":"center center","background-size":"auto","background-attachment":"scroll","background-type":"","background-media":"","overlay-type":"","overlay-color":"","overlay-opacity":"","overlay-gradient":""},"tablet":{"background-color":"","background-image":"","background-repeat":"repeat","background-position":"center center","background-size":"auto","background-attachment":"scroll","background-type":"","background-media":"","overlay-type":"","overlay-color":"","overlay-opacity":"","overlay-gradient":""},"mobile":{"background-color":"","background-image":"","background-repeat":"repeat","background-position":"center center","background-size":"auto","background-attachment":"scroll","background-type":"","background-media":"","overlay-type":"","overlay-color":"","overlay-opacity":"","overlay-gradient":""}},"ast-content-background-meta":{"desktop":{"background-color":"var(--ast-global-color-5)","background-image":"","background-repeat":"repeat","background-position":"center center","background-size":"auto","background-attachment":"scroll","background-type":"","background-media":"","overlay-type":"","overlay-color":"","overlay-opacity":"","overlay-gradient":""},"tablet":{"background-color":"var(--ast-global-color-5)","background-image":"","background-repeat":"repeat","background-position":"center center","background-size":"auto","background-attachment":"scroll","background-type":"","background-media":"","overlay-type":"","overlay-color":"","overlay-opacity":"","overlay-gradient":""},"mobile":{"background-color":"var(--ast-global-color-5)","background-image":"","background-repeat":"repeat","background-position":"center center","background-size":"auto","background-attachment":"scroll","background-type":"","background-media":"","overlay-type":"","overlay-color":"","overlay-opacity":"","overlay-gradient":""}},"footnotes":""},"class_list":["post-2619","page","type-page","status-publish","hentry"],"aioseo_notices":[],"uagb_featured_image_src":{"full":false,"thumbnail":false,"medium":false,"medium_large":false,"large":false,"1536x1536":false,"2048x2048":false,"woocommerce_thumbnail":false,"woocommerce_single":false,"woocommerce_gallery_thumbnail":false},"uagb_author_info":{"display_name":"admin","author_link":"https:\/\/maf.invictus-asso.fr\/index.php\/author\/alladin\/"},"uagb_comment_info":0,"uagb_excerpt":"Pourquoi Louer ou Mettre \u00e0 Disposition ? En louant ou en mettant \u00e0 disposition votre maison, vous jouez un r\u00f4le cl\u00e9 dans un projet humanitaire qui offre un environnement s\u00e9curis\u00e9 et chaleureux \u00e0 des personnes en situation de vuln\u00e9rabilit\u00e9. Votre bien pourrait devenir un lieu de vie essentiel pour ceux qui en ont le plus\u2026","_links":{"self":[{"href":"https:\/\/maf.invictus-asso.fr\/index.php\/wp-json\/wp\/v2\/pages\/2619","targetHints":{"allow":["GET"]}}],"collection":[{"href":"https:\/\/maf.invictus-asso.fr\/index.php\/wp-json\/wp\/v2\/pages"}],"about":[{"href":"https:\/\/maf.invictus-asso.fr\/index.php\/wp-json\/wp\/v2\/types\/page"}],"author":[{"embeddable":true,"href":"https:\/\/maf.invictus-asso.fr\/index.php\/wp-json\/wp\/v2\/users\/1"}],"replies":[{"embeddable":true,"href":"https:\/\/maf.invictus-asso.fr\/index.php\/wp-json\/wp\/v2\/comments?post=2619"}],"version-history":[{"count":2,"href":"https:\/\/maf.invictus-asso.fr\/index.php\/wp-json\/wp\/v2\/pages\/2619\/revisions"}],"predecessor-version":[{"id":2623,"href":"https:\/\/maf.invictus-asso.fr\/index.php\/wp-json\/wp\/v2\/pages\/2619\/revisions\/2623"}],"wp:attachment":[{"href":"https:\/\/maf.invictus-asso.fr\/index.php\/wp-json\/wp\/v2\/media?parent=2619"}],"curies":[{"name":"wp","href":"https:\/\/api.w.org\/{rel}","templated":true}]}}

<div class="wp-block-uagb-container uagb-block-p3qsim43 alignfull uagb-is-root-container"><div class="uagb-container-inner-blocks-wrap">
<div class="wp-block-uagb-info-box uagb-block-ovkcrvjk uagb-infobox__content-wrap  uagb-infobox-icon-above-title uagb-infobox-image-valign-top"><div class="uagb-ifb-content"><div class="uagb-ifb-title-wrap"><p class="uagb-ifb-title-prefix">Projet MAKAZ</p><h2 class="uagb-ifb-title">Louez Votre Maison pour un Impact Solidaire</h2></div><p class="uagb-ifb-desc">Vous possédez une maison de 8 chambres ou plus avec un jardin ? Le projet MAKAZ vous offre l&rsquo;opportunité de transformer votre propriété en un lieu de vie solidaire. L&rsquo;association Invictus S&amp;A recherche des maisons à louer pour lancer de nouvelles Maisons d&rsquo;Accueil Familial (MAF).</p></div></div>



<div class="wp-block-uagb-container uagb-block-w0yfltnn">
<div class="wp-block-uagb-container uagb-block-hmnp1nzf">
<div class="wp-block-uagb-container uagb-block-bvdttvwq">
<div class="wp-block-uagb-advanced-heading uagb-block-bippcijw"><h3 class="uagb-heading-text">Pourquoi Louer ou Mettre à Disposition ?</h3></div>
</div>



<div class="wp-block-uagb-container uagb-block-j7c279t8">
<p class="wp-block-paragraph">En louant ou en mettant à disposition votre maison, vous jouez un rôle clé dans un projet humanitaire qui offre un environnement sécurisé et chaleureux à des personnes en situation de vulnérabilité. Votre bien pourrait devenir un lieu de vie essentiel pour ceux qui en ont le plus besoin, contribuant ainsi à renforcer le tissu social et solidaire.</p>
</div>
</div>



<div class="wp-block-uagb-container uagb-block-tgg7lsdo">
<div class="wp-block-uagb-container uagb-block-ko0egnpq">
<div class="wp-block-uagb-advanced-heading uagb-block-wbcphktf"><h3 class="uagb-heading-text">Contactez-nous :</h3></div>
</div>



<div class="wp-block-uagb-container uagb-block-veczflwu">
<div class="wp-block-uagb-advanced-heading uagb-block-vmze8jau"><p class="uagb-heading-text">Si vous souhaitez faire partie de ce projet, contactez-nous pour discuter des détails et rejoindre cette initiative solidaire.</p></div>
</div>
</div>
</div>
</div></div>

<p>Pourquoi Louer ou Mettre à Disposition ? En louant ou en mettant à disposition votre maison, vous jouez un rôle clé dans un projet humanitaire qui offre un environnement sécurisé et chaleureux à des personnes en situation de vulnérabilité. Votre bien pourrait devenir un lieu de vie essentiel pour ceux qui en ont le plus [&hellip;]</p>

Pourquoi Louer ou Mettre à Disposition ? En louant ou en mettant à disposition votre maison, vous jouez un rôle clé dans un projet humanitaire qui offre un environnement sécurisé et chaleureux à des personnes en situation de vulnérabilité. Votre bien pourrait devenir un lieu de vie essentiel pour ceux qui en ont le plus…
